t is the units digit of (1 - 4)*(-11 - -10)*51?
3
Let m be 3 + 2 + -2 + 2. Suppose m*k = 18 + 32. What is the tens digit of k?
1
What is the hundreds digit of 4/14 - (2166/(-14) + -1)?
1
Suppose -o + 10 = 4*j, 0 = -2*o + 4*o - 4*j + 4. What is the units digit of o?
2
Let k be (-27)/12*4/(-3). Suppose 51 = k*h - 15. What is the units digit of h?
2
Let n(j) = j**2 - j + 2. Let c be n(0). Let w = -32 + 55. Suppose b - c*b + 4*d = -w, 0 = 3*b - 3*d - 33. What is the units digit of b?
7
Let p(g) = 9 - g - 2 + 11. Let d be p(0). Let m = d - 11. What is the units digit of m?
7
Suppose -4*j + s - 77 - 54 = 0, -j + 4*s - 14 = 0. Suppose q = 31 + 22. Let y = j + q. What is the units digit of y?
9
Let w = 167 - 93. What is the units digit of w?
4
Let g(q) = q**3 + 9*q**2 + 6*q - 5. Let t be g(-9). Let v = -40 - t. What is the tens digit of v?
1
Suppose -2*o + 5*x + 18 = 0, 5*x + 3 = 13. Let k = o - 2. What is the units digit of k?
2
Suppose -3*h = 6*h - 639. What is the units digit of h?
1
Let f = 23 + -19. What is the units digit of ((-2)/(-6))/(f/48)?
4
Let p(q) = q**2 - 2*q + 2. Let l be p(3). Suppose -y - 3*s - 4 = -5*y, -8 = -l*y + 3*s. What is the units digit of y?
4
Let p(u) = -u**3 - 12*u**2 - 3*u - 5. What is the tens digit of p(-12)?
3
Let c(k) = -8*k + 4. Let n be c(-2). Suppose 4*d - 146 = 6. Let a = d - n. What is the tens digit of a?
1
Let z = 29 - 11. What is the tens digit of z?
1
Let w = -63 - -125. What is the tens digit of w?
6
Let t(z) = z**3 - 3*z**2 + 6*z - 3. What is the tens digit of t(4)?
3
What is the hundreds digit of 130/(-5)*(36/(-8) - 1)?
1
Let i(f) = -f - 2. Let u = 78 + -50. Suppose -3*l - u = l. What is the units digit of i(l)?
5
Suppose -4*k + 1208 = 4*f, -6*f - 2*k = -2*f - 1200. What is the hundreds digit of f?
2
Let h = -16 - -21. Let d = h - 3. What is the units digit of d?
2
Let m = -38 - -58. What is the tens digit of m?
2
What is the tens digit of ((-4)/10 + 810/25)*4?
2
Suppose -z + 4*x = -0*z + 6, -5*z - 4*x + 18 = 0. Suppose 43 + z = 5*j. What is the units digit of j?
9
Suppose 0*j + j + 5*d = 63, 2*j - 3*d - 100 = 0. What is the tens digit of j?
5
Let n(s) = -3*s**3 - 3*s**2 - 2*s. What is the units digit of n(-3)?
0
Suppose 0 = 4*p - 5*p + 77. What is the tens digit of p?
7
Suppose 2*u + 3*u + 18 = -4*w, 4 = -2*u. What is the units digit of (44/7)/(w/(-7))?
2
Suppose 0 = 3*u - 9, 2*z - 4*u + 24 = 6*z. Suppose -f = z*f - 32. What is the units digit of f?
8
Suppose 279 - 2141 = -7*q. What is the units digit of q?
6
What is the tens digit of 24 + (-1 - (0 - 3))?
2
Suppose t - 1 = 3. Suppose 0 = t*y - 2*d - 6, 0*y + 4*y + 5*d + 1 = 0. What is the units digit of y?
1
Suppose -4*k - 4*r - 10 = -7*k, 2*k = 5*r + 9. Suppose 14 = k*w - 24. What is the tens digit of w?
1
Suppose -40 = -3*s + 4*j, 2*s - 2*j + 8 = 4*s. Let m(k) be the second derivative of k**3/6 + 3*k**2/2 + k. What is the units digit of m(s)?
1
Suppose 0 = -3*s - 0*s + 75. What is the tens digit of s?
2
Let f(s) = -4*s - 10. What is the units digit of f(-14)?
6
Let k(r) = r**2 - r + 5. Let n be k(-5). Let l = n - 20. What is the units digit of l?
5
Let k(d) = -2*d - 3. Let w be k(-4). Suppose -w*n + 20 = -5. What is the tens digit of (n + -8)*(-20)/6?
1
Let r be (-1 + (-5)/(-2))*-10. Let h = -10 - r. What is the units digit of h?
5
Suppose 4*q = -4*c + 20, 0 = -2*q - 2 - 2. Suppose -c*z = -4*z - 102. What is the tens digit of z?
3
Let s(m) be the second derivative of 5*m**3/3 - 3*m**2/2 - 3*m. What is the tens digit of s(2)?
1
Let x(y) = 3*y**2 - 4*y + 2. Let j be x(2). Let l(v) = v + 1. What is the units digit of l(j)?
7
Suppose -3*m + 25 = 2*m. Suppose -s - 6*t = -t, 5*s - m*t = 30. Let x = 12 - s. What is the units digit of x?
7
Suppose -3*w = -0 - 24. Suppose o - 3*g - 3 + 1 = 0, -4*o = 4*g + w. Let t = 13 + o. What is the tens digit of t?
1
Let g(k) be the second derivative of k**5/20 - k**4/2 + 5*k**3/6 + k**2/2 - k. Suppose 8*a - 25 = 3*a. What is the units digit of g(a)?
1
Let q(c) = c**2 + 3*c + 2. Let d be q(-2). Suppose -3*f + 2*l = -2*l + 113, d = 4*f + 2*l + 158. Let u = -22 - f. What is the tens digit of u?
1
What is the hundreds digit of (((-72)/(-21))/2)/((-4)/(-322))?
1
Suppose -5*l + 17 + 3 = 0. What is the units digit of l?
4
Let n(p) = 2*p + 4. Let v be n(5). Let l = 23 - v. What is the units digit of l?
9
Let q(f) = f**3 + 5*f**2 + 4. Let g = -25 - -7. Let d be g/24 - (-34)/(-8). What is the units digit of q(d)?
4
Suppose -4*a + 34 = -3*i + a, -5*i + 3*a - 30 = 0. What is the units digit of 3/2 + i/(-2)?
3
Let n(o) = -2*o**3 - 6*o**2 - 7*o - 1. What is the tens digit of n(-4)?
5
Suppose -k + 4*z + 39 = 4, -2*k + 52 = z. What is the units digit of k?
7
Suppose 0 = w + 4*z + 4, 5*w - 2*w - 8 = -2*z. Suppose 0*v - 52 = -w*v. What is the units digit of v?
3
Suppose -3*s - 2*v = -28, -s + 11 = 3*v - 2*v. Suppose -l = -s*l + 105. What is the units digit of l?
1
Suppose -5*h = 2*g - 58, -1 - 9 = h - 5*g. What is the units digit of (h/(-30))/((-1)/6)?
2
Suppose 4*u + 1 = 3*l + 2, 13 = -3*u + 5*l. Suppose 0 = t + 4*g - u, -3*t - 2*g = 2*t - 74. What is the tens digit of t?
1
Suppose -2*s + 12 = 2*s. Let f(w) = 5*w**2 - 6*w. What is the tens digit of f(s)?
2
Let u(w) = w + 6. Let l be u(-6). Let i = 38 + -32. Let a = l + i. What is the units digit of a?
6
Let f(l) = 0 + 0 - 11*l**2 + 5 - l**3 + 3*l**2. What is the units digit of f(-8)?
5
Let r(d) = -d**2 + d - 3. Let j be r(-4). Let l = 28 + j. What is the units digit of l?
5
What is the tens digit of 7/((-21)/(-5) - 4)?
3
Let l = 21 - 15. Let o(c) = -c**2 + 9*c + 5. What is the units digit of o(l)?
3
Let v(k) = 5*k**2 + 8*k + 3. What is the hundreds digit of v(-7)?
1
Suppose 0 = -4*h + 3*b + 93, b + 0*b - 18 = -h. Suppose -v + h = -i, -2*i = -2*v + 4*v - 26. What is the tens digit of v?
1
Suppose -2*w = 2*o + 16, 0*o - 2*o + 4*w + 2 = 0. Let a = 3 + o. Let c = a + 4. What is the units digit of c?
2
Let z = 15 + 4. What is the units digit of z?
9
Let z(b) = -b - 3. Let n be z(-3). Suppose n*d - 12 = -3*d. What is the units digit of d?
4
Let r(a) = 2*a**2 + a - 27. What is the tens digit of r(-12)?
4
Suppose i - 4 = -10. Let h(v) = v + 6. Let j be h(i). Suppose j*b - 5*b = -60. What is the tens digit of b?
1
Let z be 3 - 9/(-6)*2. What is the tens digit of (z/(-4) - -1)*-68?
3
Let u = 2 + -9. Let a = -3 - u. What is the units digit of 2/12*3*a?
2
Let v(k) = 81*k**2 - k + 2. Let l be v(1). Suppose -4*y = -3*z - l, -y + 0*z = -5*z - 12. What is the tens digit of y?
2
Let j(u) = -u - 1. Let z be -3 - -3*4/(-6). Let o be j(z). Let g = 13 - o. What is the units digit of g?
9
Let m = -18 - -78. Suppose -6*n + 2*n = -m. What is the units digit of n?
5
Let k be 2/4*(2 + -2). Suppose k = r - 0*r - 10. What is the tens digit of r?
1
Suppose 0 = -2*r + 5*s + 145, 3*r + 311 = 7*r - 3*s. What is the units digit of r?
0
Let v(y) = 12*y - 23. What is the tens digit of v(12)?
2
What is the tens digit of (-22)/(-2)*3 + (0 - 2)?
3
Let v be (-2)/7 + (-58)/(-7). Suppose -z + v = 4*b - 0*z, -z = 0. Suppose -b*h + 10 = -0*h. What is the units digit of h?
5
Let j be 0/(4/(16/4)). Suppose j = -3*r - 0*r + 72. What is the tens digit of r?
2
Let q(j) be the third derivative of j**5/60 - j**4/4 + j**3/6 + j**2. Let w(x) = -x**2 + 6*x - 1. Let u(c) = 2*q(c) + 3*w(c). What is the units digit of u(5)?
4
Suppose d + 4*d = -m + 138, 5*m = d - 38. Suppose -2*x - 17 = -5*o, 2*x + 5 = -3*o + d. What is the units digit of x?
4
Let g(m) = -m**3 + 3*m**2 + 10*m + 14. What is the units digit of g(-6)?
8
Let a be 3 + -1 - (-2)/1. What is the tens digit of ((-198)/(-12))/(3/a)?
2
Let l = -152 - -242. What is the units digit of l?
0
Let o = -21 - -25. What is the units digit of o?
4
Suppose 5*c + 5*a - 45 = 0, -3*c + 4*a + 19 = -a. Suppose 0 = -4*k + c + 8, 0 = -3*z - k + 19. Suppose 36 = -2*g + z*g. What is the tens digit of g?
1
Suppose -2*t = t - 114. Let f = t - 23. What is the tens digit of f?
1
Suppose n - 5*b = 61, n + 3*n - 2*b = 172. Let d = n + -17. What is the tens digit of d?
2
Let a(v) = 7*v + 2. Let q(s) = -7*s - 3. Let c(o) = -3*a(o) - 2*q(o). Let x(k) = -20*k - 1. Let y(j) = 17*c(j) - 6*x(j). What is the units digit of y(0)?
6
Suppose -9*i = -11*i + 68. What is the tens digit of i?
3
What is the hundreds digit of 